te the highest common divisor of u and k.
4
Suppose -2*l = 2*v - 4*v - 16, l = -4*v - 17. Suppose -l*t = -3*f - 0 - 6, 3*t - 22 = -5*f. Suppose t*n - 12 = n. What is the highest common factor of 12 and n?
4
Let n = 54 - 33. Suppose -b + n = 3*b + y, -5*y - 20 = -5*b. Calculate the greatest common factor of b and 1.
1
Let n be (-624)/21 + (-12)/42. Let d be (-16)/(-1)*n/(-24). What is the greatest common factor of 180 and d?
20
Let a(j) = -j**3 + 10*j**2 - 16*j + 9. Let i be a(8). Let s = -235 - -334. What is the greatest common divisor of i and s?
9
Suppose -4 = -v + 4*k, 5*v - 4*k = 23 - 3. Suppose -i - 2 = -21. Suppose -2*j + 53 + i = 4*m, 5*j = -v*m + 156. Calculate the highest common factor of 42 and j.
14
Suppose -5*o - 201 = -4*q + 461, 5*q - 844 = -2*o. Suppose -z = 3*f - 146, q + 550 = 5*z + 3*f. Calculate the greatest common factor of z and 13.
13
Let r(p) = p**2 - 3*p - 3. Let f be 318/27 - 4/(-18). Suppose 2*b = 4*b - f. Let a be r(b). Calculate the highest common factor of a and 10.
5
Suppose 0 = 5*w - z - 558, 2*w = -z - 0*z + 219. Let d = -35 + w. Suppose 3*f = 518 + d. Calculate the greatest common divisor of 22 and f.
22
Let v be (3/(-4))/(1/(-40)). Let j = -3 - -5. Suppose 100 = 5*f + 5*u, 40 = j*f - 3*u - 2*u. Calculate the greatest common divisor of v and f.
10
Let d be (-1 + -1)*4/(-4). Suppose -6*b = -b + d*c - 81, 47 = 3*b + 2*c. Calculate the highest common divisor of b and 153.
17
Let x = 15 - 13. Suppose 4*j = x*k + 230, -j - 2*k + 190 = 2*j. Calculate the highest common factor of 15 and j.
15
Let d = 130 - 62. Calculate the greatest common divisor of d and 34.
34
Suppose o - 88 = 33. Suppose -3*z - 129 - 54 = 0. Let h = o + z. Calculate the highest common factor of 24 and h.
12
Let u(w) = w**2 + 5. Let d be u(11). Let y be (4/(-6))/((-3)/81). Calculate the greatest common divisor of d and y.
18
Let v be 126/15*(-80)/(-12). Calculate the highest common factor of 42 and v.
14
Let g(r) = 4*r**3 - 2*r**2 - 2*r - 9. Let i be g(4). Calculate the greatest common divisor of i and 23.
23
Let n = 21 - 11. Suppose a + 397 - 487 = 0. Calculate the greatest common divisor of a and n.
10
Let o = -8 + 6. Let x be o + 8 + -1 + -2. Let l be (x/(-2))/(3/(-64)). What is the highest common divisor of 16 and l?
16
Let o be (-1)/(-3) + 88/24. Suppose y = 4*d - 0*y - 46, -d + 20 = o*y. Calculate the greatest common divisor of d and 96.
12
Let s(j) = j**2 - 4*j + 6. Let p be s(4). Let z(i) = -5*i - 50. Let x be z(-16). Calculate the highest common factor of x and p.
6
Suppose 66 = g + 21. Calculate the highest common factor of g and 9.
9
Suppose 2*r - 5 = -5*s + 41, -5*s + 55 = 5*r. Suppose 0 = 4*y - y - 144. What is the highest common divisor of s and y?
8
Let h = 2 + 0. Let k = h + -2. Suppose -9 = -y - k*y. Calculate the highest common divisor of y and 1.
1
Let p(i) = 3*i + 0 + i**2 + 8*i**2 - 4. Let t be ((-8)/16)/((-1)/(-6)). Let v be p(t). What is the greatest common divisor of v and 17?
17
Suppose 0 = 3*t + j - 321 + 130, j = -4*t + 254. Let m be 6/4 + 1/2. Let k be 6/m - 8/(-2). What is the greatest common factor of t and k?
7
Suppose -3*o = 15 - 60. Let r(f) = f + 6. Let n be r(-3). What is the greatest common divisor of n and o?
3
Let n(t) = -t**2 + 3*t + 4. Let z be n(3). Suppose 44 = -0*k + z*k. Let g(p) = 12*p**2 + p - 2. Let i be g(1). Calculate the greatest common factor of k and i.
11
Let m(k) = k + 4. Let n be m(-3). Let b(p) be the first derivative of p**2/2 + p + 2. Let u be b(6). What is the greatest common divisor of u and n?
1
Suppose -5*v + 3*f + 88 = 6*f, -2*f = 4*v - 70. What is the greatest common factor of v and 68?
17
Suppose -3 = -4*n + 13. Suppose 0 = v - 2 - 0, 228 = n*r + 4*v. What is the highest common divisor of 11 and r?
11
Let u be 2/(-3)*1449/(-42). What is the greatest common divisor of u and 207?
23
Let a(l) = -l**2 + 2*l. Let s be a(4). Suppose -3*y - y - 44 = 0. Let t = s - y. What is the greatest common divisor of t and 3?
3
Let p(m) = m - 8. Let g(w) = w**3 - w**2 + 4*w - 3. Let v be g(2). Let i be p(v). What is the greatest common divisor of i and 8?
1
Suppose -4*n + n - d + 6 = 0, -4*n + 8 = -5*d. Suppose 0 = 5*r + n*i - 3*i - 35, 5*i - 7 = -r. Calculate the greatest common factor of r and 49.
7
Let x = 25 - -6. What is the greatest common divisor of x and 341?
31
Suppose -22 = -38*f + 36*f. What is the highest common divisor of f and 99?
11
Let s(p) be the third derivative of p**6/120 - 7*p**5/60 - 5*p**4/24 - 3*p**3/2 - 2*p**2. Let h be s(8). What is the greatest common factor of h and 3?
3
Let z be ((-18)/(-8))/((-24)/(-64)). Let f = -1 + 2. What is the greatest common divisor of f and z?
1
Suppose -2*p = 4*y - 0*p - 48, -p - 36 = -4*y. What is the greatest common divisor of 20 and y?
10
Let s be 36/(-3)*(-1)/3. Suppose -s*u + 138 = -u. What is the highest common factor of 69 and u?
23
Suppose -g = -6*g. Let o = g + -2. Let c be o/7*(-2 - 5). What is the highest common divisor of c and 14?
2
Suppose 0 = 4*v - 0*v - 120. Suppose 465 = 7*s - 4*s. Suppose -70 - s = -5*u. What is the highest common factor of u and v?
15
Suppose 4*c + 3*m = 148, -2*m - m = -c + 52. Suppose -4*s + 3*s = -c. What is the greatest common divisor of 5 and s?
5
Let w(k) = 4*k**2 - 2*k + 10. Let h be w(3). Let t = 277 + -177. What is the greatest common factor of t and h?
20
Let v(z) = -z**3 + 11*z**2 - 12*z. Let h be v(9). Let x = -12 - -18. Calculate the highest common divisor of x and h.
6
Suppose -2*m = 2*f - 0*f - 24, -5*m = -4*f + 12. Calculate the greatest common divisor of 56 and f.
8
Suppose 2*l - 446 = -4*z, -2*l + 556 = 5*z + 2*l. Calculate the highest common factor of 14 and z.
14
Let n be (-2)/6*(-7 - -10). Let b be 0 - n - -22 - 1. Let p be (-2 - 27/(-6))*b. What is the highest common factor of 11 and p?
11
Let v(i) = i**2 - i - 16. Let n be v(7). Calculate the greatest common divisor of n and 52.
26
Let q(s) be the second derivative of s**3/3 + 7*s**2/2 + s. Let x be q(-5). Let b be 6 + -2 - (-1 - x). What is the highest common divisor of 6 and b?
2
Let t = -158 - -165. Calculate the greatest common divisor of t and 14.
7
Suppose -5*s + 282 = 3*f, -3*s = -f - f - 154. Let a(h) = -h**2 + 15*h - 18. Let m be a(12). Calculate the highest common factor of s and m.
18
Suppose 0 = -3*v + 11*v - 40. What is the greatest common divisor of v and 40?
5
Let g be 1/2 + 10/4. Suppose g*p - 12 = p. Let j(x) = 3*x**2 + 3. Let z be j(3). Calculate the highest common factor of p and z.
6
Suppose 2*i = 7*i - 15. What is the greatest common factor of 33 and i?
3
Suppose w - 45 - 23 = -4*i, 5*i = -2*w + 139. Calculate the greatest common divisor of 9 and w.
9
Let p(h) = -2*h - 1. Let o be p(3). Let b(g) = g**2 - 10*g + 1. Let l be b(o). Calculate the greatest common factor of l and 15.
15
Suppose v + w = 4*v - 156, -42 = -v - 3*w. Let t = 86 - 52. What is the greatest common divisor of t and v?
17
Suppose -3*m - m = -24. Calculate the highest common divisor of m and 42.
6
Let c(g) = -g**3 - 9*g**2 - 4*g + 12. Let r be c(-9). Suppose j - 2*a = -4*j + r, -5*a = 3*j - 4. What is the highest common factor of j and 24?
8
Let d be 171/12 - 2/8. Calculate the highest common divisor of d and 98.
14
Suppose -a = -5*a + 24. Let h be 431/a - 2/(-12). Suppose -5*o = -2*o - h. Calculate the highest common factor of 12 and o.
12
Let g(d) = d**3 - d**2 - 2*d + 17. Let m = 24 - 24. Let q be g(m). What is the highest common factor of q and 153?
17
Let s be (-3 + 1)*1/(-1). Let x be (-4 - 1)*(0 - s). Calculate the highest common divisor of x and 4.
2
Let j(t) = 3*t - 6. Let f be j(7). Suppose 0 = -2*k + 5*g + 155, -3*k + 23 = g - 201. Calculate the greatest common divisor of k and f.
15
Let a be 102/5 - 4/10. Suppose -q + 0*q + a = 2*z, 0 = 5*z - 4*q - 63. Calculate the highest common factor of 22 and z.
11
Suppose 5*q - 49 = 71. Suppose -3*p + 15 + 21 = 3*t, -5*t + 84 = -p. Let c = t + q. What is the greatest common divisor of c and 8?
8
Let c(z) be the third derivative of -z**5/60 + z**4/3 + z**3/3 + 4*z**2. Let h be c(6). What is the highest common divisor of 70 and h?
14
Let u be ((-20)/(-7))/((-20)/(-70)). Calculate the highest common divisor of 20 and u.
10
Let p(g) = g - 2. Let y be p(3). Let x(u) = -u**3 + 3*u**2 - 3*u - 1. Let v be